{"id":940,"date":"2024-12-04T09:23:49","date_gmt":"2024-12-04T09:23:49","guid":{"rendered":"https:\/\/labprodigi.com\/websitegestion\/?page_id=940"},"modified":"2025-11-10T19:55:37","modified_gmt":"2025-11-10T19:55:37","slug":"politique-de-confidentialite","status":"publish","type":"page","link":"https:\/\/labprodigi.com\/websitegestion\/politique-de-confidentialite\/","title":{"rendered":"Politique de confidentialit\u00e9"},"content":{"rendered":"\t\t<div data-elementor-type=\"wp-page\" data-elementor-id=\"940\" class=\"elementor elementor-940\">\n\t\t\t\t<div class=\"elementor-element elementor-element-0556349 e-flex e-con-boxed e-con e-parent\" data-id=\"0556349\" data-element_type=\"container\" data-e-type=\"container\">\n\t\t\t\t\t<div class=\"e-con-inner\">\n\t\t\t\t<div class=\"elementor-element elementor-element-fc9808d elementor-widget elementor-widget-heading\" data-id=\"fc9808d\" data-element_type=\"widget\" data-e-type=\"widget\" data-widget_type=\"heading.default\">\n\t\t\t\t<div class=\"elementor-widget-container\">\n\t\t\t\t\t<h2 class=\"elementor-heading-title elementor-size-default\">Politique de confidentialit\u00e9<\/h2>\t\t\t\t<\/div>\n\t\t\t\t<\/div>\n\t\t\t\t\t<\/div>\n\t\t\t\t<\/div>\n\t\t<div class=\"elementor-element elementor-element-9f7bdd5 e-flex e-con-boxed e-con e-parent\" data-id=\"9f7bdd5\" data-element_type=\"container\" data-e-type=\"container\">\n\t\t\t\t\t<div class=\"e-con-inner\">\n\t\t\t\t<div class=\"elementor-element elementor-element-2548223 elementor-widget elementor-widget-text-editor\" data-id=\"2548223\" data-element_type=\"widget\" data-e-type=\"widget\" data-widget_type=\"text-editor.default\">\n\t\t\t\t<div class=\"elementor-widget-container\">\n\t\t\t\t\t\t\t\t\t<p><strong>Chez\u00a0Websitegestion<\/strong>, nous nous engageons \u00e0 prot\u00e9ger et \u00e0 respecter votre vie priv\u00e9e. Cette politique <br \/>de confidentialit\u00e9 d\u00e9crit comment nous collectons, utilisons et prot\u00e9geons vos informations personnelles <br \/>lorsque vous utilisez notre site Web et nos services de cr\u00e9ation et maintenance de sites web.<\/p><p><strong>**Collecte des informations personnelles**<\/strong><br \/>Lorsque vous visitez notre site Web, demandez un devis, vous inscrivez \u00e0 notre newsletter, cr\u00e9ez un <br \/>compte ou communiquez avec notre \u00e9quipe technique, nous pouvons collecter des informations personnelles telles que :<\/p><p>\u2013 Nom et pr\u00e9nom<br \/>\u2013 Adresse e-mail<br \/>\u2013 Adresse de votre entreprise<br \/>\u2013 Num\u00e9ro de t\u00e9l\u00e9phone<br \/>\u2013 Informations de paiement<br \/>\u2013 Historique des prestations web<br \/>\u2013 Toute autre information que vous choisissez de fournir volontairement<\/p><p><strong>**Utilisation des informations personnelles**<\/strong><br \/>Nous utilisons vos informations personnelles pour :<br \/>\u2013 Traiter vos demandes de services web<br \/>\u2013 Communiquer sur l\u2019avancement de vos projets<br \/>\u2013 Am\u00e9liorer nos services de maintenance<br \/>\u2013 Analyser et optimiser nos prestations<br \/>\u2013 R\u00e9pondre \u00e0 vos demandes techniques<br \/>\u2013 Se conformer aux exigences l\u00e9gales<\/p><p><strong>**Partage des informations personnelles**<\/strong><br \/>Nous ne vendons, ne louons ni ne partageons vos informations personnelles avec des tiers sans votre consentement. <br \/>Nous collaborons uniquement avec des prestataires techniques s\u00e9lectionn\u00e9s (h\u00e9bergeurs, services de s\u00e9curit\u00e9) pour<br \/>assurer la qualit\u00e9 de nos services.<\/p><p><strong>**S\u00e9curit\u00e9 des informations personnelles**<\/strong><br \/>Nous utilisons des protocoles de s\u00e9curit\u00e9 avanc\u00e9s (SSL, chiffrement) pour prot\u00e9ger vos donn\u00e9es. Nos serveurs sont <br \/>s\u00e9curis\u00e9s et r\u00e9guli\u00e8rement audit\u00e9s.<\/p><p><strong>**Cookies et technologies de suivi**<\/strong><br \/>Nos cookies servent uniquement \u00e0 am\u00e9liorer votre exp\u00e9rience utilisateur et \u00e0 analyser le trafic de votre site. <br \/>Vous gardez le contr\u00f4le via les param\u00e8tres de votre navigateur.<\/p><p><strong>**Vos droits**<\/strong><br \/>Pour toute question concernant vos donn\u00e9es personnelles, contactez-nous \u00e0\u00a0contact@websitegestion.com<\/p><p><strong>*Derni\u00e8re mise \u00e0 jour : 01\/11\/2024*<\/strong><\/p>\t\t\t\t\t\t\t\t<\/div>\n\t\t\t\t<\/div>\n\t\t\t\t\t<\/div>\n\t\t\t\t<\/div>\n\t\t\t\t<\/div>\n\t\t","protected":false},"excerpt":{"rendered":"<p>Politique de confidentialit\u00e9 Chez\u00a0Websitegestion, nous nous engageons \u00e0 prot\u00e9ger et \u00e0 respecter votre vie priv\u00e9e. Cette politique de confidentialit\u00e9 d\u00e9crit [&hellip;]<\/p>\n","protected":false},"author":4,"featured_media":0,"parent":0,"menu_order":0,"comment_status":"closed","ping_status":"closed","template":"","meta":{"_eb_attr":"","_uag_custom_page_level_css":"","site-sidebar-layout":"no-sidebar","site-content-layout":"","ast-site-content-layout":"full-width-container","site-content-style":"default","site-sidebar-style":"default","ast-global-header-display":"","ast-banner-title-visibility":"","ast-main-header-display":"","ast-hfb-above-header-display":"","ast-hfb-below-header-display":"","ast-hfb-mobile-header-display":"","site-post-title":"disabled","ast-breadcrumbs-content":"","ast-featured-img":"disabled","footer-sml-layout":"","ast-disable-related-posts":"","theme-transparent-header-meta":"","adv-header-id-meta":"","stick-header-meta":"","header-above-stick-meta":"","header-main-stick-meta":"","header-below-stick-meta":"","astra-migrate-meta-layouts":"default","ast-page-background-enabled":"default","ast-page-background-meta":{"desktop":{"background-color":"var(--ast-global-color-4)","background-image":"","background-repeat":"repeat","background-position":"center center","background-size":"auto","background-attachment":"scroll","background-type":"","background-media":"","overlay-type":"","overlay-color":"","overlay-opacity":"","overlay-gradient":""},"tablet":{"background-color":"","background-image":"","background-repeat":"repeat","background-position":"center center","background-size":"auto","background-attachment":"scroll","background-type":"","background-media":"","overlay-type":"","overlay-color":"","overlay-opacity":"","overlay-gradient":""},"mobile":{"background-color":"","background-image":"","background-repeat":"repeat","background-position":"center center","background-size":"auto","background-attachment":"scroll","background-type":"","background-media":"","overlay-type":"","overlay-color":"","overlay-opacity":"","overlay-gradient":""}},"ast-content-background-meta":{"desktop":{"background-color":"var(--ast-global-color-5)","background-image":"","background-repeat":"repeat","background-position":"center center","background-size":"auto","background-attachment":"scroll","background-type":"","background-media":"","overlay-type":"","overlay-color":"","overlay-opacity":"","overlay-gradient":""},"tablet":{"background-color":"var(--ast-global-color-5)","background-image":"","background-repeat":"repeat","background-position":"center center","background-size":"auto","background-attachment":"scroll","background-type":"","background-media":"","overlay-type":"","overlay-color":"","overlay-opacity":"","overlay-gradient":""},"mobile":{"background-color":"var(--ast-global-color-5)","background-image":"","background-repeat":"repeat","background-position":"center center","background-size":"auto","background-attachment":"scroll","background-type":"","background-media":"","overlay-type":"","overlay-color":"","overlay-opacity":"","overlay-gradient":""}},"footnotes":""},"class_list":["post-940","page","type-page","status-publish","hentry"],"uagb_featured_image_src":{"full":false,"thumbnail":false,"medium":false,"medium_large":false,"large":false,"1536x1536":false,"2048x2048":false,"depicter-thumbnail":false},"uagb_author_info":{"display_name":"Web Site Gestion","author_link":"https:\/\/labprodigi.com\/websitegestion\/author\/mario-santoncinigmail-com\/"},"uagb_comment_info":0,"uagb_excerpt":"Politique de confidentialit\u00e9 Chez\u00a0Websitegestion, nous nous engageons \u00e0 prot\u00e9ger et \u00e0 respecter votre vie priv\u00e9e. Cette politique de confidentialit\u00e9 d\u00e9crit [&hellip;]","_links":{"self":[{"href":"https:\/\/labprodigi.com\/websitegestion\/wp-json\/wp\/v2\/pages\/940","targetHints":{"allow":["GET"]}}],"collection":[{"href":"https:\/\/labprodigi.com\/websitegestion\/wp-json\/wp\/v2\/pages"}],"about":[{"href":"https:\/\/labprodigi.com\/websitegestion\/wp-json\/wp\/v2\/types\/page"}],"author":[{"embeddable":true,"href":"https:\/\/labprodigi.com\/websitegestion\/wp-json\/wp\/v2\/users\/4"}],"replies":[{"embeddable":true,"href":"https:\/\/labprodigi.com\/websitegestion\/wp-json\/wp\/v2\/comments?post=940"}],"version-history":[{"count":18,"href":"https:\/\/labprodigi.com\/websitegestion\/wp-json\/wp\/v2\/pages\/940\/revisions"}],"predecessor-version":[{"id":1131,"href":"https:\/\/labprodigi.com\/websitegestion\/wp-json\/wp\/v2\/pages\/940\/revisions\/1131"}],"wp:attachment":[{"href":"https:\/\/labprodigi.com\/websitegestion\/wp-json\/wp\/v2\/media?parent=940"}],"curies":[{"name":"wp","href":"https:\/\/api.w.org\/{rel}","templated":true}]}}