{"id":53,"date":"2024-12-11T14:48:47","date_gmt":"2024-12-11T14:48:47","guid":{"rendered":"https:\/\/pristine-payet-0x.zipwp.xyz\/?page_id=53"},"modified":"2024-12-15T16:32:25","modified_gmt":"2024-12-15T16:32:25","slug":"services","status":"publish","type":"page","link":"https:\/\/labprodigi.com\/forum\/services\/","title":{"rendered":"Services"},"content":{"rendered":"\n<div class=\"wp-block-uagb-container uagb-block-a6be1363 alignfull uagb-is-root-container\"><div class=\"uagb-container__shape uagb-container__shape-bottom uagb-container__shape-flip uagb-container__invert\" data-negative=\"false\"><svg xmlns=\"https:\/\/www.w3.org\/2000\/svg\" viewBox=\"0 0 1000 100\" preserveAspectRatio=\"none\"><path class=\"uagb-container__shape-fill\" d=\"M0,6V0h1000v100L0,6z\"><\/path><\/svg><\/div><div class=\"uagb-container-inner-blocks-wrap\">\n<div class=\"wp-block-uagb-advanced-heading uagb-block-81d18f4d\"><p class=\"uagb-desc-text\">Offres<\/p><h1 class=\"uagb-heading-text\">D\u00e9couvrez nos services communautaires en ligne<\/h1><\/div>\n<\/div><\/div>\n\n\n\n<div class=\"wp-block-uagb-container uag-hide-desktop uag-hide-tab uag-hide-mob uagb-block-5e795505 alignfull uagb-is-root-container\"><div class=\"uagb-container-inner-blocks-wrap\">\n<div class=\"wp-block-uagb-container uagb-layout-flex uagb-block-072f422e\">\n<div class=\"wp-block-uagb-container uagb-layout-grid uagb-block-207e88ff\">\n<div class=\"wp-block-uagb-advanced-heading uagb-block-f273d26c\"><h2 class=\"uagb-heading-text\">01.<\/h2><\/div>\n\n\n\n<div class=\"wp-block-uagb-advanced-heading uagb-block-d4c852b6\"><h3 class=\"uagb-heading-text\">Cr\u00e9ation de Forum<\/h3><p class=\"uagb-desc-text\">Notre service de cr\u00e9ation de forums vous permet de disposer d&rsquo;un espace d&rsquo;\u00e9change convivial et moderne, adapt\u00e9 aux besoins de votre communaut\u00e9.<\/p><\/div>\n<\/div>\n\n\n\n<div class=\"wp-block-uagb-image alignleft uagb-block-0a5f8551 wp-block-uagb-image--layout-default wp-block-uagb-image--effect-static wp-block-uagb-image--align-left\"><figure class=\"wp-block-uagb-image__figure\"><img loading=\"lazy\" decoding=\"async\" srcset=\"https:\/\/labprodigi.com\/forum\/wp-content\/uploads\/2024\/12\/portrait-of-woman-in-shirt-drawing-on-whiteboard-in-office-10041255.jpeg ,https:\/\/labprodigi.com\/forum\/wp-content\/uploads\/2024\/12\/portrait-of-woman-in-shirt-drawing-on-whiteboard-in-office-10041255.jpeg 780w, https:\/\/labprodigi.com\/forum\/wp-content\/uploads\/2024\/12\/portrait-of-woman-in-shirt-drawing-on-whiteboard-in-office-10041255.jpeg 360w\" sizes=\"auto, (max-width: 480px) 150px\" src=\"https:\/\/labprodigi.com\/forum\/wp-content\/uploads\/2024\/12\/portrait-of-woman-in-shirt-drawing-on-whiteboard-in-office-10041255.jpeg\" alt=\"\" class=\"uag-image-369\" width=\"500\" height=\"400\" title=\"services-01\" loading=\"lazy\" role=\"img\"\/><\/figure><\/div>\n<\/div>\n\n\n\n<div class=\"wp-block-uagb-container uagb-layout-flex uagb-block-f38d5948\">\n<div class=\"wp-block-uagb-container uagb-layout-grid uagb-block-adcfbba8\">\n<div class=\"wp-block-uagb-advanced-heading uagb-block-b3c9acda\"><h2 class=\"uagb-heading-text\">02.<\/h2><\/div>\n\n\n\n<div class=\"wp-block-uagb-advanced-heading uagb-block-45689c19\"><h3 class=\"uagb-heading-text\">Gestion de Communaut\u00e9<\/h3><p class=\"uagb-desc-text\">Nos experts vous accompagnent pour favoriser les interactions et maintenir un environnement sain et respectueux au sein de votre communaut\u00e9.<\/p><\/div>\n<\/div>\n\n\n\n<div class=\"wp-block-uagb-image alignleft uagb-block-c01a27df wp-block-uagb-image--layout-default wp-block-uagb-image--effect-static wp-block-uagb-image--align-left\"><figure class=\"wp-block-uagb-image__figure\"><img loading=\"lazy\" decoding=\"async\" srcset=\"https:\/\/labprodigi.com\/forum\/wp-content\/uploads\/2024\/12\/three-woman-having-a-meeting-1181626.jpeg ,https:\/\/labprodigi.com\/forum\/wp-content\/uploads\/2024\/12\/three-woman-having-a-meeting-1181626.jpeg 780w, https:\/\/labprodigi.com\/forum\/wp-content\/uploads\/2024\/12\/three-woman-having-a-meeting-1181626.jpeg 360w\" sizes=\"auto, (max-width: 480px) 150px\" src=\"https:\/\/labprodigi.com\/forum\/wp-content\/uploads\/2024\/12\/three-woman-having-a-meeting-1181626.jpeg\" alt=\"\" class=\"uag-image-383\" width=\"500\" height=\"400\" title=\"services-02\" loading=\"lazy\" role=\"img\"\/><\/figure><\/div>\n<\/div>\n\n\n\n<div class=\"wp-block-uagb-container uagb-layout-flex uagb-block-4ee57f3e\">\n<div class=\"wp-block-uagb-container uagb-layout-grid uagb-block-594a8eea\">\n<div class=\"wp-block-uagb-advanced-heading uagb-block-5d6c5941\"><h2 class=\"uagb-heading-text\">03.<\/h2><\/div>\n\n\n\n<div class=\"wp-block-uagb-advanced-heading uagb-block-8d75b0c9\"><h3 class=\"uagb-heading-text\">Support et Assistance<\/h3><p class=\"uagb-desc-text\">Notre \u00e9quipe de support est disponible pour r\u00e9soudre rapidement vos probl\u00e8mes techniques, assurant le bon fonctionnement de votre plateforme.<\/p><\/div>\n<\/div>\n\n\n\n<div class=\"wp-block-uagb-image alignleft uagb-block-72d592a2 wp-block-uagb-image--layout-default wp-block-uagb-image--effect-static wp-block-uagb-image--align-left\"><figure class=\"wp-block-uagb-image__figure\"><img loading=\"lazy\" decoding=\"async\" srcset=\"https:\/\/labprodigi.com\/forum\/wp-content\/uploads\/2024\/12\/view-of-an-empty-room-221537.jpeg ,https:\/\/labprodigi.com\/forum\/wp-content\/uploads\/2024\/12\/view-of-an-empty-room-221537.jpeg 780w, https:\/\/labprodigi.com\/forum\/wp-content\/uploads\/2024\/12\/view-of-an-empty-room-221537.jpeg 360w\" sizes=\"auto, (max-width: 480px) 150px\" src=\"https:\/\/labprodigi.com\/forum\/wp-content\/uploads\/2024\/12\/view-of-an-empty-room-221537.jpeg\" alt=\"\" class=\"uag-image-387\" width=\"500\" height=\"400\" title=\"services-03\" loading=\"lazy\" role=\"img\"\/><\/figure><\/div>\n<\/div>\n\n\n\n<div class=\"wp-block-uagb-container uagb-layout-flex uagb-block-5b6aae16\">\n<div class=\"wp-block-uagb-container uagb-layout-grid uagb-block-7fd03271\">\n<div class=\"wp-block-uagb-advanced-heading uagb-block-c28dc3f2\"><h2 class=\"uagb-heading-text\">04.<\/h2><\/div>\n\n\n\n<div class=\"wp-block-uagb-advanced-heading uagb-block-584a0e4a\"><h3 class=\"uagb-heading-text\">Formation et Ateliers<\/h3><p class=\"uagb-desc-text\">Nous proposons des formations et des ateliers pour maximiser l&rsquo;engagement de votre communaut\u00e9, incluant des conseils sur la mod\u00e9ration et l&rsquo;animation de forum.<\/p><\/div>\n<\/div>\n\n\n\n<div class=\"wp-block-uagb-image alignleft uagb-block-b67cef6d wp-block-uagb-image--layout-default wp-block-uagb-image--effect-static wp-block-uagb-image--align-left\"><figure class=\"wp-block-uagb-image__figure\"><img loading=\"lazy\" decoding=\"async\" srcset=\"https:\/\/labprodigi.com\/forum\/wp-content\/uploads\/2024\/12\/a-businesswoman-working-inside-an-office-8528744.jpeg ,https:\/\/labprodigi.com\/forum\/wp-content\/uploads\/2024\/12\/a-businesswoman-working-inside-an-office-8528744.jpeg 780w, https:\/\/labprodigi.com\/forum\/wp-content\/uploads\/2024\/12\/a-businesswoman-working-inside-an-office-8528744.jpeg 360w\" sizes=\"auto, (max-width: 480px) 150px\" src=\"https:\/\/labprodigi.com\/forum\/wp-content\/uploads\/2024\/12\/a-businesswoman-working-inside-an-office-8528744.jpeg\" alt=\"\" class=\"uag-image-386\" width=\"500\" height=\"400\" title=\"services-04\" loading=\"lazy\" role=\"img\"\/><\/figure><\/div>\n<\/div>\n<\/div><\/div>\n\n\n\n<div class=\"wp-block-uagb-container uagb-block-c49d3107 alignfull uagb-is-root-container\"><div class=\"uagb-container-inner-blocks-wrap\">\n<div class=\"wp-block-uagb-container uagb-layout-flex uagb-block-e5c1c98b\">\n<div class=\"wp-block-uagb-container uagb-layout-grid uagb-block-207e88ff\">\n<div class=\"wp-block-uagb-advanced-heading uagb-block-5c11f401\"><h2 class=\"uagb-heading-text\">01.<\/h2><\/div>\n\n\n\n<div class=\"wp-block-uagb-advanced-heading uagb-block-d4c852b6\"><h3 class=\"uagb-heading-text\">Consultations d&rsquo;Experts<\/h3><p class=\"uagb-desc-text\">Bien que notre forum soit tout jeune, nous avons d\u00e9j\u00e0 commenc\u00e9 \u00e0 \u00e9tablir des partenariats avec des experts dans divers domaines. Bient\u00f4t, vous pourrez poser vos questions lors de sessions de questions-r\u00e9ponses en direct et participer \u00e0 nos premiers webinaires mensuels pour b\u00e9n\u00e9ficier de conseils avis\u00e9s.<\/p><\/div>\n<\/div>\n\n\n\n<div class=\"wp-block-uagb-image alignleft uagb-block-d4f9a708 wp-block-uagb-image--layout-default wp-block-uagb-image--effect-static wp-block-uagb-image--align-left\"><figure class=\"wp-block-uagb-image__figure\"><img loading=\"lazy\" decoding=\"async\" srcset=\"https:\/\/labprodigi.com\/forum\/wp-content\/uploads\/2024\/12\/portrait-of-woman-in-shirt-drawing-on-whiteboard-in-office-10041255.jpeg ,https:\/\/labprodigi.com\/forum\/wp-content\/uploads\/2024\/12\/portrait-of-woman-in-shirt-drawing-on-whiteboard-in-office-10041255.jpeg 780w, https:\/\/labprodigi.com\/forum\/wp-content\/uploads\/2024\/12\/portrait-of-woman-in-shirt-drawing-on-whiteboard-in-office-10041255.jpeg 360w\" sizes=\"auto, (max-width: 480px) 150px\" src=\"https:\/\/labprodigi.com\/forum\/wp-content\/uploads\/2024\/12\/portrait-of-woman-in-shirt-drawing-on-whiteboard-in-office-10041255.jpeg\" alt=\"\" class=\"uag-image-369\" width=\"500\" height=\"400\" title=\"services-01\" loading=\"lazy\" role=\"img\"\/><\/figure><\/div>\n<\/div>\n\n\n\n<div class=\"wp-block-uagb-container uagb-layout-flex uagb-block-f34d9138\">\n<div class=\"wp-block-uagb-container uagb-layout-grid uagb-block-207e88ff\">\n<div class=\"wp-block-uagb-advanced-heading uagb-block-a238ffbb\"><h2 class=\"uagb-heading-text\">02.<\/h2><\/div>\n\n\n\n<div class=\"wp-block-uagb-advanced-heading uagb-block-d4c852b6\"><h3 class=\"uagb-heading-text\">Biblioth\u00e8que de Ressources<\/h3><p class=\"uagb-desc-text\">Notre biblioth\u00e8que de ressources est en cours de construction, mais nous travaillons activement \u00e0 rassembler des guides, tutoriels et \u00e9tudes de cas pertinents. Restez \u00e0 l&rsquo;aff\u00fbt pour d\u00e9couvrir bient\u00f4t une mine d&rsquo;informations qui vous aidera \u00e0 enrichir vos connaissances.<\/p><\/div>\n<\/div>\n\n\n\n<div class=\"wp-block-uagb-image alignleft uagb-block-e72b50ea wp-block-uagb-image--layout-default wp-block-uagb-image--effect-static wp-block-uagb-image--align-left\"><figure class=\"wp-block-uagb-image__figure\"><img loading=\"lazy\" decoding=\"async\" srcset=\"https:\/\/labprodigi.com\/forum\/wp-content\/uploads\/2024\/12\/three-woman-having-a-meeting-1181626.jpeg ,https:\/\/labprodigi.com\/forum\/wp-content\/uploads\/2024\/12\/three-woman-having-a-meeting-1181626.jpeg 780w, https:\/\/labprodigi.com\/forum\/wp-content\/uploads\/2024\/12\/three-woman-having-a-meeting-1181626.jpeg 360w\" sizes=\"auto, (max-width: 480px) 150px\" src=\"https:\/\/labprodigi.com\/forum\/wp-content\/uploads\/2024\/12\/three-woman-having-a-meeting-1181626.jpeg\" alt=\"\" class=\"uag-image-383\" width=\"500\" height=\"400\" title=\"services-02\" loading=\"lazy\" role=\"img\"\/><\/figure><\/div>\n<\/div>\n\n\n\n<div class=\"wp-block-uagb-container uagb-layout-flex uagb-block-045a0202\">\n<div class=\"wp-block-uagb-container uagb-layout-grid uagb-block-207e88ff\">\n<div class=\"wp-block-uagb-advanced-heading uagb-block-26b17a4d\"><h2 class=\"uagb-heading-text\">03.<\/h2><\/div>\n\n\n\n<div class=\"wp-block-uagb-advanced-heading uagb-block-d4c852b6\"><h3 class=\"uagb-heading-text\">Groupes de Discussion Priv\u00e9s<\/h3><p class=\"uagb-desc-text\">Nous encourageons d\u00e9j\u00e0 la cr\u00e9ation de groupes priv\u00e9s pour \u00e9changer sur des sujets sp\u00e9cifiques ou des int\u00e9r\u00eats communs. Ces espaces sont id\u00e9aux pour favoriser des discussions cibl\u00e9es et b\u00e2tir les premi\u00e8res sous-communaut\u00e9s dynamiques de notre jeune forum.<\/p><\/div>\n<\/div>\n\n\n\n<div class=\"wp-block-uagb-image alignleft uagb-block-f158b328 wp-block-uagb-image--layout-default wp-block-uagb-image--effect-static wp-block-uagb-image--align-left\"><figure class=\"wp-block-uagb-image__figure\"><img loading=\"lazy\" decoding=\"async\" srcset=\"https:\/\/labprodigi.com\/forum\/wp-content\/uploads\/2024\/12\/view-of-an-empty-room-221537.jpeg ,https:\/\/labprodigi.com\/forum\/wp-content\/uploads\/2024\/12\/view-of-an-empty-room-221537.jpeg 780w, https:\/\/labprodigi.com\/forum\/wp-content\/uploads\/2024\/12\/view-of-an-empty-room-221537.jpeg 360w\" sizes=\"auto, (max-width: 480px) 150px\" src=\"https:\/\/labprodigi.com\/forum\/wp-content\/uploads\/2024\/12\/view-of-an-empty-room-221537.jpeg\" alt=\"\" class=\"uag-image-387\" width=\"500\" height=\"400\" title=\"services-03\" loading=\"lazy\" role=\"img\"\/><\/figure><\/div>\n<\/div>\n\n\n\n<div class=\"wp-block-uagb-container uagb-layout-flex uagb-block-f25510b4\">\n<div class=\"wp-block-uagb-container uagb-layout-grid uagb-block-207e88ff\">\n<div class=\"wp-block-uagb-advanced-heading uagb-block-39eb8563\"><h2 class=\"uagb-heading-text\">04.<\/h2><\/div>\n\n\n\n<div class=\"wp-block-uagb-advanced-heading uagb-block-d4c852b6\"><h3 class=\"uagb-heading-text\">Programme de Mentorat<\/h3><p class=\"uagb-desc-text\">Notre programme de mentorat est en phase de lancement. Nous invitons les membres exp\u00e9riment\u00e9s \u00e0 partager leurs connaissances avec les nouveaux venus. Ensemble, nous construirons un r\u00e9seau d&rsquo;entraide qui renforcera le sentiment d&rsquo;appartenance d\u00e8s les premiers pas du forum.<\/p><\/div>\n<\/div>\n\n\n\n<div class=\"wp-block-uagb-image alignleft uagb-block-31e093ca wp-block-uagb-image--layout-default wp-block-uagb-image--effect-static wp-block-uagb-image--align-left\"><figure class=\"wp-block-uagb-image__figure\"><img loading=\"lazy\" decoding=\"async\" srcset=\"https:\/\/labprodigi.com\/forum\/wp-content\/uploads\/2024\/12\/a-businesswoman-working-inside-an-office-8528744.jpeg ,https:\/\/labprodigi.com\/forum\/wp-content\/uploads\/2024\/12\/a-businesswoman-working-inside-an-office-8528744.jpeg 780w, https:\/\/labprodigi.com\/forum\/wp-content\/uploads\/2024\/12\/a-businesswoman-working-inside-an-office-8528744.jpeg 360w\" sizes=\"auto, (max-width: 480px) 150px\" src=\"https:\/\/labprodigi.com\/forum\/wp-content\/uploads\/2024\/12\/a-businesswoman-working-inside-an-office-8528744.jpeg\" alt=\"\" class=\"uag-image-386\" width=\"500\" height=\"400\" title=\"services-04\" loading=\"lazy\" role=\"img\"\/><\/figure><\/div>\n<\/div>\n<\/div><\/div>\n\n\n\n<div class=\"wp-block-uagb-container uagb-block-6f82293b alignfull uagb-is-root-container\"><div class=\"uagb-container__shape uagb-container__shape-top uagb-container__shape-flip\"><svg xmlns=\"https:\/\/www.w3.org\/2000\/svg\" viewBox=\"0 0 1000 100\" preserveAspectRatio=\"none\"><path class=\"uagb-container__shape-fill\" d=\"M0,6V0h1000v100L0,6z\"><\/path><\/svg><\/div><div class=\"uagb-container-inner-blocks-wrap\">\n<div class=\"wp-block-uagb-info-box uagb-block-2de13869 uagb-infobox__content-wrap  uagb-infobox-icon-above-title uagb-infobox-image-valign-top wp-block-uagb-info-box--has-margin\"><div class=\"uagb-infobox-margin-wrapper\"><div class=\"uagb-ifb-content\"><div class=\"uagb-ifb-title-wrap\"><span class=\"uagb-ifb-title-prefix\">Rejoignez-nous<\/span><h2 class=\"uagb-ifb-title\">D\u00e9couvrez une communaut\u00e9 dynamique et engag\u00e9e d\u00e8s aujourd&rsquo;hui<\/h2><\/div><p class=\"uagb-ifb-desc\">Inscrivez-vous \u00e0 notre newsletter pour ne rien manquer des derni\u00e8res discussions et \u00e9v\u00e9nements.<\/p><div class=\"uagb-ifb-button-wrapper wp-block-button\"><a href=\"connexion\/\" class=\"uagb-infobox-cta-link wp-block-button__link\" target=\"_self\" rel=\"noopener noreferrer\" onclick=\"return true;\"><span class=\"uagb-inline-editing\">Commencer maintenant<\/span><\/a><\/div><\/div><\/div><\/div>\n<\/div><\/div>\n","protected":false},"excerpt":{"rendered":"<p>Offres D\u00e9couvrez nos services communautaires en ligne 01. Cr\u00e9ation de Forum Notre service de cr\u00e9ation de forums vous permet de [&hellip;]<\/p>\n","protected":false},"author":4,"featured_media":0,"parent":0,"menu_order":0,"comment_status":"closed","ping_status":"closed","template":"","meta":{"_bbp_topic_count":0,"_bbp_reply_count":0,"_bbp_total_topic_count":0,"_bbp_total_reply_count":0,"_bbp_voice_count":0,"_bbp_anonymous_reply_count":0,"_bbp_topic_count_hidden":0,"_bbp_reply_count_hidden":0,"_bbp_forum_subforum_count":0,"_eb_attr":"","_surecart_dashboard_logo_width":"180px","_surecart_dashboard_show_logo":true,"_surecart_dashboard_navigation_orders":true,"_surecart_dashboard_navigation_invoices":true,"_surecart_dashboard_navigation_subscriptions":true,"_surecart_dashboard_navigation_downloads":true,"_surecart_dashboard_navigation_billing":true,"_surecart_dashboard_navigation_account":true,"_uag_custom_page_level_css":"","site-sidebar-layout":"default","site-content-layout":"","ast-site-content-layout":"","site-content-style":"default","site-sidebar-style":"default","ast-global-header-display":"","ast-banner-title-visibility":"","ast-main-header-display":"","ast-hfb-above-header-display":"","ast-hfb-below-header-display":"","ast-hfb-mobile-header-display":"","site-post-title":"disabled","ast-breadcrumbs-content":"","ast-featured-img":"","footer-sml-layout":"","ast-disable-related-posts":"","theme-transparent-header-meta":"","adv-header-id-meta":"","stick-header-meta":"","header-above-stick-meta":"","header-main-stick-meta":"","header-below-stick-meta":"","astra-migrate-meta-layouts":"default","ast-page-background-enabled":"default","ast-page-background-meta":{"desktop":{"background-color":"var(--ast-global-color-4)","background-image":"","background-repeat":"repeat","background-position":"center center","background-size":"auto","background-attachment":"scroll","background-type":"","background-media":"","overlay-type":"","overlay-color":"","overlay-opacity":"","overlay-gradient":""},"tablet":{"background-color":"","background-image":"","background-repeat":"repeat","background-position":"center center","background-size":"auto","background-attachment":"scroll","background-type":"","background-media":"","overlay-type":"","overlay-color":"","overlay-opacity":"","overlay-gradient":""},"mobile":{"background-color":"","background-image":"","background-repeat":"repeat","background-position":"center center","background-size":"auto","background-attachment":"scroll","background-type":"","background-media":"","overlay-type":"","overlay-color":"","overlay-opacity":"","overlay-gradient":""}},"ast-content-background-meta":{"desktop":{"background-color":"var(--ast-global-color-5)","background-image":"","background-repeat":"repeat","background-position":"center center","background-size":"auto","background-attachment":"scroll","background-type":"","background-media":"","overlay-type":"","overlay-color":"","overlay-opacity":"","overlay-gradient":""},"tablet":{"background-color":"var(--ast-global-color-5)","background-image":"","background-repeat":"repeat","background-position":"center center","background-size":"auto","background-attachment":"scroll","background-type":"","background-media":"","overlay-type":"","overlay-color":"","overlay-opacity":"","overlay-gradient":""},"mobile":{"background-color":"var(--ast-global-color-5)","background-image":"","background-repeat":"repeat","background-position":"center center","background-size":"auto","background-attachment":"scroll","background-type":"","background-media":"","overlay-type":"","overlay-color":"","overlay-opacity":"","overlay-gradient":""}},"footnotes":""},"class_list":["post-53","page","type-page","status-publish","hentry"],"uagb_featured_image_src":{"full":false,"thumbnail":false,"medium":false,"medium_large":false,"large":false,"1536x1536":false,"2048x2048":false},"uagb_author_info":{"display_name":"Forum","author_link":"https:\/\/labprodigi.com\/forum\/author\/kaw20a94sljp\/"},"uagb_comment_info":0,"uagb_excerpt":"Offres D\u00e9couvrez nos services communautaires en ligne 01. Cr\u00e9ation de Forum Notre service de cr\u00e9ation de forums vous permet de [&hellip;]","_links":{"self":[{"href":"https:\/\/labprodigi.com\/forum\/wp-json\/wp\/v2\/pages\/53","targetHints":{"allow":["GET"]}}],"collection":[{"href":"https:\/\/labprodigi.com\/forum\/wp-json\/wp\/v2\/pages"}],"about":[{"href":"https:\/\/labprodigi.com\/forum\/wp-json\/wp\/v2\/types\/page"}],"author":[{"embeddable":true,"href":"https:\/\/labprodigi.com\/forum\/wp-json\/wp\/v2\/users\/4"}],"replies":[{"embeddable":true,"href":"https:\/\/labprodigi.com\/forum\/wp-json\/wp\/v2\/comments?post=53"}],"version-history":[{"count":3,"href":"https:\/\/labprodigi.com\/forum\/wp-json\/wp\/v2\/pages\/53\/revisions"}],"predecessor-version":[{"id":607,"href":"https:\/\/labprodigi.com\/forum\/wp-json\/wp\/v2\/pages\/53\/revisions\/607"}],"wp:attachment":[{"href":"https:\/\/labprodigi.com\/forum\/wp-json\/wp\/v2\/media?parent=53"}],"curies":[{"name":"wp","href":"https:\/\/api.w.org\/{rel}","templated":true}]}}