{"id":52,"date":"2024-12-11T14:48:47","date_gmt":"2024-12-11T14:48:47","guid":{"rendered":"https:\/\/pristine-payet-0x.zipwp.xyz\/?page_id=52"},"modified":"2024-12-15T17:41:19","modified_gmt":"2024-12-15T17:41:19","slug":"a-propos","status":"publish","type":"page","link":"https:\/\/labprodigi.com\/forum\/a-propos\/","title":{"rendered":"\u00c0 propos"},"content":{"rendered":"\n<div class=\"wp-block-uagb-container uagb-block-a6be1363 alignfull uagb-is-root-container\"><div class=\"uagb-container__shape uagb-container__shape-bottom uagb-container__shape-flip uagb-container__invert\" data-negative=\"false\"><svg xmlns=\"https:\/\/www.w3.org\/2000\/svg\" viewBox=\"0 0 1000 100\" preserveAspectRatio=\"none\"><path class=\"uagb-container__shape-fill\" d=\"M0,6V0h1000v100L0,6z\"><\/path><\/svg><\/div><div class=\"uagb-container-inner-blocks-wrap\">\n<div class=\"wp-block-uagb-advanced-heading uagb-block-81d18f4d\"><p class=\"uagb-desc-text\">\u00c0 propos<\/p><h1 class=\"uagb-heading-text\">D\u00e9couvrez notre plateforme communautaire innovante et engageante<\/h1><\/div>\n<\/div><\/div>\n\n\n\n<div class=\"wp-block-uagb-container uagb-block-9dbb18d7 alignfull uagb-is-root-container\"><div class=\"uagb-container-inner-blocks-wrap\">\n<div class=\"wp-block-uagb-advanced-heading uagb-block-1fd5f659\"><p class=\"uagb-desc-text\">Qui nous sommes<\/p><h2 class=\"uagb-heading-text\">Pr\u00e9sentation de Forum : votre espace d&rsquo;\u00e9change et de partage<\/h2><\/div>\n\n\n\n<div class=\"wp-block-uagb-container uagb-layout-grid uagb-block-84e20ad5\">\n<div class=\"wp-block-uagb-image alignleft uagb-block-52eed376 wp-block-uagb-image--layout-default wp-block-uagb-image--effect-static wp-block-uagb-image--align-left\"><figure class=\"wp-block-uagb-image__figure\"><img loading=\"lazy\" decoding=\"async\" srcset=\"https:\/\/labprodigi.com\/forum\/wp-content\/uploads\/2024\/12\/people-on-conference-room-1181427.jpeg ,https:\/\/labprodigi.com\/forum\/wp-content\/uploads\/2024\/12\/people-on-conference-room-1181427.jpeg 780w, https:\/\/labprodigi.com\/forum\/wp-content\/uploads\/2024\/12\/people-on-conference-room-1181427.jpeg 360w\" sizes=\"auto, (max-width: 480px) 150px\" src=\"https:\/\/labprodigi.com\/forum\/wp-content\/uploads\/2024\/12\/people-on-conference-room-1181427.jpeg\" alt=\"\" class=\"uag-image-374\" width=\"500\" height=\"450\" title=\"who-we-are\" loading=\"lazy\" role=\"img\"\/><\/figure><\/div>\n\n\n\n<div class=\"wp-block-uagb-info-box uagb-block-de5ccef8 uagb-infobox__content-wrap  uagb-infobox-icon-above-title uagb-infobox-image-valign-top wp-block-uagb-info-box--has-margin\"><div class=\"uagb-infobox-margin-wrapper\"><div class=\"uagb-ifb-content\"><div class=\"uagb-ifb-title-wrap\"><h3 class=\"uagb-ifb-title-prefix\">Forum a permis \u00e0 des milliers d&rsquo;utilisateurs d&rsquo;\u00e9changer des id\u00e9es et d&rsquo;interagir dans un environnement convivial et s\u00e9curis\u00e9.<\/h3><p class=\"uagb-ifb-title\">Depuis notre cr\u00e9ation, Forum s&rsquo;est engag\u00e9 \u00e0 cr\u00e9er un environnement propice \u00e0 l&rsquo;\u00e9change d&rsquo;id\u00e9es et \u00e0 la discussion constructive. Nous avons vu des groupes de discussion prosp\u00e9rer, des id\u00e9es innovantes \u00e9merger, et des liens solides se former. Gr\u00e2ce \u00e0 notre plateforme, les utilisateurs ont la possibilit\u00e9 de partager leurs opinions et de collaborer sur divers sujets, favorisant ainsi une communaut\u00e9 dynamique et engag\u00e9e.<\/p><\/div><p class=\"uagb-ifb-desc\">Forum a pu r\u00e9unir une communaut\u00e9 active et engag\u00e9e, enrichissant le dialogue entre ses utilisateurs.<\/p><\/div><\/div><\/div>\n<\/div>\n<\/div><\/div>\n\n\n\n<div class=\"wp-block-uagb-container uagb-layout-grid uagb-block-80731fa3 alignfull uagb-is-root-container\"><div class=\"uagb-container__shape uagb-container__shape-top uagb-container__shape-flip\"><svg xmlns=\"https:\/\/www.w3.org\/2000\/svg\" viewBox=\"0 0 1000 100\" preserveAspectRatio=\"none\"><path class=\"uagb-container__shape-fill\" d=\"M0,6V0h1000v100L0,6z\"><\/path><\/svg><\/div><div class=\"uagb-container__shape uagb-container__shape-bottom uagb-container__shape-flip uagb-container__invert\" data-negative=\"false\"><svg xmlns=\"https:\/\/www.w3.org\/2000\/svg\" viewBox=\"0 0 1000 100\" preserveAspectRatio=\"none\"><path class=\"uagb-container__shape-fill\" d=\"M0,6V0h1000v100L0,6z\"><\/path><\/svg><\/div><div class=\"uagb-container-inner-blocks-wrap\">\n<div class=\"wp-block-uagb-info-box uagb-block-4184a682 uagb-infobox__content-wrap  uagb-infobox-icon-above-title uagb-infobox-image-valign-top wp-block-uagb-info-box--has-margin\"><div class=\"uagb-infobox-margin-wrapper\"><div class=\"uagb-ifb-content\"><div class=\"uagb-ifb-title-wrap\"><span class=\"uagb-ifb-title-prefix\">Notre histoire<\/span><h2 class=\"uagb-ifb-title\">L&rsquo;\u00e9volution de Forum depuis ses d\u00e9buts<\/h2><\/div><p class=\"uagb-ifb-desc\">Fond\u00e9 en 2024, Forum a \u00e9t\u00e9 cr\u00e9\u00e9 dans le but de rassembler les internautes autour d&rsquo;\u00e9changes d&rsquo;id\u00e9es constructifs. Avec une plateforme innovante, nous avons voulu faciliter les discussions entre utilisateurs de tous horizons. Gr\u00e2ce \u00e0 un design moderne et \u00e0 une interface conviviale, Forum s&rsquo;est vite impos\u00e9 comme un espace privil\u00e9gi\u00e9 pour partager et d\u00e9battre en toute s\u00e9r\u00e9nit\u00e9.<\/p><\/div><\/div><\/div>\n\n\n\n<div class=\"wp-block-uagb-image alignright uagb-block-eb3eeb07 wp-block-uagb-image--layout-default wp-block-uagb-image--effect-static wp-block-uagb-image--align-right\"><figure class=\"wp-block-uagb-image__figure\"><img loading=\"lazy\" decoding=\"async\" srcset=\"https:\/\/labprodigi.com\/forum\/wp-content\/uploads\/2024\/12\/man-in-black-and-white-checkered-dress-shirt-sitting-beside-woman-in-orange-tank-top-7688361.jpeg ,https:\/\/labprodigi.com\/forum\/wp-content\/uploads\/2024\/12\/man-in-black-and-white-checkered-dress-shirt-sitting-beside-woman-in-orange-tank-top-7688361.jpeg 780w, https:\/\/labprodigi.com\/forum\/wp-content\/uploads\/2024\/12\/man-in-black-and-white-checkered-dress-shirt-sitting-beside-woman-in-orange-tank-top-7688361.jpeg 360w\" sizes=\"auto, (max-width: 480px) 150px\" src=\"https:\/\/labprodigi.com\/forum\/wp-content\/uploads\/2024\/12\/man-in-black-and-white-checkered-dress-shirt-sitting-beside-woman-in-orange-tank-top-7688361.jpeg\" alt=\"\" class=\"uag-image-367\" width=\"500\" height=\"450\" title=\"our-story\" loading=\"lazy\" role=\"img\"\/><\/figure><\/div>\n<\/div><\/div>\n\n\n\n<div class=\"wp-block-uagb-container uagb-block-f7d88070 alignfull uagb-is-root-container\"><div class=\"uagb-container-inner-blocks-wrap\">\n<div class=\"wp-block-uagb-advanced-heading uagb-block-87470b0a\"><p class=\"uagb-desc-text\">Notre mission et valeurs<\/p><h2 class=\"uagb-heading-text\">Engagement envers nos utilisateurs et la communaut\u00e9<\/h2><\/div>\n\n\n\n<div class=\"wp-block-uagb-container uagb-block-6215ea89\">\n<div class=\"wp-block-uagb-advanced-heading uagb-block-809e447c\"><h3 class=\"uagb-heading-text\">Notre mission<\/h3><p class=\"uagb-desc-text\">Chez Forum, notre mission est de fournir un espace s\u00e9curis\u00e9 et convivial o\u00f9 chacun peut s&rsquo;exprimer librement. Nous aspirons \u00e0 favoriser les \u00e9changes constructifs afin de cr\u00e9er une communaut\u00e9 dynamique et bienveillante, propice \u00e0 l\u2019apprentissage et \u00e0 l\u2019enrichissement personnel.<\/p><\/div>\n\n\n\n<div class=\"wp-block-uagb-separator uagb-block-7f2a0cab\"><div class=\"wp-block-uagb-separator__inner\" style=\"--my-background-image:\"><\/div><\/div>\n\n\n\n<div class=\"wp-block-uagb-advanced-heading uagb-block-0cc4a98e\"><h3 class=\"uagb-heading-text\">Nos valeurs<\/h3><p class=\"uagb-desc-text\">Nous croyons en la diversit\u00e9, le respect et la collaboration. Forum s\u2019efforce de cultiver une atmosph\u00e8re positive o\u00f9 chaque membre se sent valoris\u00e9 et \u00e9cout\u00e9. <strong>Nos valeurs reposent sur l\u2019int\u00e9grit\u00e9, l\u2019ouverture d\u2019esprit et l\u2019engagement \u00e0 promouvoir des interactions enrichissantes.<\/strong><\/p><\/div>\n<\/div>\n<\/div><\/div>\n\n\n\n<div class=\"wp-block-uagb-container uagb-block-df8ee77f alignfull uagb-is-root-container\"><div class=\"uagb-container__shape uagb-container__shape-top uagb-container__shape-flip\"><svg xmlns=\"https:\/\/www.w3.org\/2000\/svg\" viewBox=\"0 0 1000 100\" preserveAspectRatio=\"none\"><path class=\"uagb-container__shape-fill\" d=\"M0,6V0h1000v100L0,6z\"><\/path><\/svg><\/div><div class=\"uagb-container-inner-blocks-wrap\">\n<div class=\"wp-block-uagb-advanced-heading uagb-block-da70d213\"><p class=\"uagb-desc-text\">Notre \u00e9quipe<\/p><h2 class=\"uagb-heading-text\">Des professionnels d\u00e9vou\u00e9s \u00e0 votre service<\/h2><\/div>\n\n\n\n<div class=\"wp-block-uagb-container uagb-block-d0e3ffef\">\n<div class=\"wp-block-uagb-container uagb-block-66fe1c83\">\n<div class=\"wp-block-uagb-info-box uagb-block-9fa154fb uagb-infobox__content-wrap  uagb-infobox-icon-above-title uagb-infobox-image-valign-top\"><div class=\"uagb-ifb-content\"><div class=\"uagb-ifb-image-content\"><img loading=\"lazy\" decoding=\"async\" src=\"https:\/\/labprodigi.com\/forum\/wp-content\/uploads\/2024\/12\/2-150x150.png\" alt=\"Image Fondateur Forum\" width=\"150\" height=\"150\" loading=\"lazy\"\/><\/div><div class=\"uagb-ifb-title-wrap\"><p class=\"uagb-ifb-title\">Sa\u00efda Santoncini<\/p><\/div><p class=\"uagb-ifb-desc\">Propri\u00e9taire<\/p><\/div><\/div>\n<\/div>\n\n\n\n<div class=\"wp-block-uagb-container uagb-block-a31af704\">\n<div class=\"wp-block-uagb-info-box uagb-block-2b47405f uagb-infobox__content-wrap  uagb-infobox-icon-above-title uagb-infobox-image-valign-top\"><div class=\"uagb-ifb-content\"><div class=\"uagb-ifb-image-content\"><img loading=\"lazy\" decoding=\"async\" src=\"https:\/\/labprodigi.com\/forum\/wp-content\/uploads\/2024\/12\/3-150x150.png\" alt=\"Image Co-Fondateur Forum\" width=\"150\" height=\"150\" loading=\"lazy\"\/><\/div><div class=\"uagb-ifb-title-wrap\"><p class=\"uagb-ifb-title\">Mario Santoncini<\/p><\/div><p class=\"uagb-ifb-desc\">Co-fondateur<\/p><\/div><\/div>\n<\/div>\n\n\n\n<div class=\"wp-block-uagb-container uagb-block-5755988a\">\n<div class=\"wp-block-uagb-info-box uagb-block-8a861bdd uagb-infobox__content-wrap  uagb-infobox-icon-above-title uagb-infobox-image-valign-top\"><div class=\"uagb-ifb-content\"><div class=\"uagb-ifb-image-content\"><img loading=\"lazy\" decoding=\"async\" src=\"https:\/\/labprodigi.com\/forum\/wp-content\/uploads\/2024\/12\/6-150x150.png\" alt=\"\u00c9va Simmons\n\nResponsable Marketing\" width=\"150\" height=\"150\" loading=\"lazy\"\/><\/div><div class=\"uagb-ifb-title-wrap\"><p class=\"uagb-ifb-title\">\u00c9va Simmons<\/p><\/div><p class=\"uagb-ifb-desc\">Responsable marketing<\/p><\/div><\/div>\n<\/div>\n<\/div>\n\n\n\n<div class=\"wp-block-uagb-container uagb-block-89f273cb\">\n<div class=\"wp-block-uagb-container uagb-block-8986851e\">\n<div class=\"wp-block-uagb-info-box uagb-block-a4398621 uagb-infobox__content-wrap  uagb-infobox-icon-above-title uagb-infobox-image-valign-top\"><div class=\"uagb-ifb-content\"><div class=\"uagb-ifb-image-content\"><img loading=\"lazy\" decoding=\"async\" src=\"https:\/\/labprodigi.com\/forum\/wp-content\/uploads\/2024\/12\/7-150x150.png\" alt=\"Nathalie Burnell Responsable Web Designer\" width=\"150\" height=\"150\" loading=\"lazy\"\/><\/div><div class=\"uagb-ifb-title-wrap\"><p class=\"uagb-ifb-title\">Nathalie Burnell<\/p><\/div><p class=\"uagb-ifb-desc\">Web Designer<\/p><\/div><\/div>\n<\/div>\n\n\n\n<div class=\"wp-block-uagb-container uagb-block-ad7b3a76\">\n<div class=\"wp-block-uagb-info-box uagb-block-37ec9d3f uagb-infobox__content-wrap  uagb-infobox-icon-above-title uagb-infobox-image-valign-top\"><div class=\"uagb-ifb-content\"><div class=\"uagb-ifb-image-content\"><img loading=\"lazy\" decoding=\"async\" src=\"https:\/\/labprodigi.com\/forum\/wp-content\/uploads\/2024\/12\/5-150x150.png\" alt=\"Clark Owell R\u00e9dacteur\" width=\"150\" height=\"150\" loading=\"lazy\"\/><\/div><div class=\"uagb-ifb-title-wrap\"><p class=\"uagb-ifb-title\">Clark Owell<\/p><\/div><p class=\"uagb-ifb-desc\">R\u00e9dacteur<\/p><\/div><\/div>\n<\/div>\n\n\n\n<div class=\"wp-block-uagb-container uagb-block-0f964f44\">\n<div class=\"wp-block-uagb-info-box uagb-block-a447576d uagb-infobox__content-wrap  uagb-infobox-icon-above-title uagb-infobox-image-valign-top\"><div class=\"uagb-ifb-content\"><div class=\"uagb-ifb-image-content\"><img loading=\"lazy\" decoding=\"async\" src=\"https:\/\/labprodigi.com\/forum\/wp-content\/uploads\/2024\/12\/4-150x150.png\" alt=\"Jules Harris Ing\u00e9nieur Informatique\" width=\"150\" height=\"150\" loading=\"lazy\"\/><\/div><div class=\"uagb-ifb-title-wrap\"><p class=\"uagb-ifb-title\">Jules Harris<\/p><\/div><p class=\"uagb-ifb-desc\">Ing\u00e9nieur Informatique<\/p><\/div><\/div>\n<\/div>\n<\/div>\n<\/div><\/div>\n\n\n\n<div class=\"wp-block-uagb-container uagb-block-6f82293b alignfull uagb-is-root-container\"><div class=\"uagb-container__shape uagb-container__shape-top uagb-container__shape-flip\"><svg xmlns=\"https:\/\/www.w3.org\/2000\/svg\" viewBox=\"0 0 1000 100\" preserveAspectRatio=\"none\"><path class=\"uagb-container__shape-fill\" d=\"M0,6V0h1000v100L0,6z\"><\/path><\/svg><\/div><div class=\"uagb-container-inner-blocks-wrap\">\n<div class=\"wp-block-uagb-info-box uagb-block-2de13869 uagb-infobox__content-wrap  uagb-infobox-icon-above-title uagb-infobox-image-valign-top wp-block-uagb-info-box--has-margin\"><div class=\"uagb-infobox-margin-wrapper\"><div class=\"uagb-ifb-content\"><div class=\"uagb-ifb-title-wrap\"><span class=\"uagb-ifb-title-prefix\">Rejoignez-nous<\/span><h2 class=\"uagb-ifb-title\">D\u00e9couvrez une communaut\u00e9 dynamique et engag\u00e9e d\u00e8s aujourd&rsquo;hui<\/h2><\/div><p class=\"uagb-ifb-desc\">Inscrivez-vous \u00e0 notre newsletter pour ne rien manquer des derni\u00e8res discussions et \u00e9v\u00e9nements.<\/p><div class=\"uagb-ifb-button-wrapper wp-block-button\"><a href=\"connexion\/\" class=\"uagb-infobox-cta-link wp-block-button__link\" target=\"_self\" rel=\"noopener noreferrer\" onclick=\"return true;\"><span class=\"uagb-inline-editing\">Commencer maintenant<\/span><\/a><\/div><\/div><\/div><\/div>\n<\/div><\/div>\n","protected":false},"excerpt":{"rendered":"<p>\u00c0 propos D\u00e9couvrez notre plateforme communautaire innovante et engageante Qui nous sommes Pr\u00e9sentation de Forum : votre espace d&rsquo;\u00e9change et [&hellip;]<\/p>\n","protected":false},"author":4,"featured_media":0,"parent":0,"menu_order":0,"comment_status":"closed","ping_status":"closed","template":"","meta":{"_bbp_topic_count":0,"_bbp_reply_count":0,"_bbp_total_topic_count":0,"_bbp_total_reply_count":0,"_bbp_voice_count":0,"_bbp_anonymous_reply_count":0,"_bbp_topic_count_hidden":0,"_bbp_reply_count_hidden":0,"_bbp_forum_subforum_count":0,"_eb_attr":"","_surecart_dashboard_logo_width":"180px","_surecart_dashboard_show_logo":true,"_surecart_dashboard_navigation_orders":true,"_surecart_dashboard_navigation_invoices":true,"_surecart_dashboard_navigation_subscriptions":true,"_surecart_dashboard_navigation_downloads":true,"_surecart_dashboard_navigation_billing":true,"_surecart_dashboard_navigation_account":true,"_uag_custom_page_level_css":"","site-sidebar-layout":"default","site-content-layout":"","ast-site-content-layout":"","site-content-style":"default","site-sidebar-style":"default","ast-global-header-display":"","ast-banner-title-visibility":"","ast-main-header-display":"","ast-hfb-above-header-display":"","ast-hfb-below-header-display":"","ast-hfb-mobile-header-display":"","site-post-title":"disabled","ast-breadcrumbs-content":"","ast-featured-img":"","footer-sml-layout":"","ast-disable-related-posts":"","theme-transparent-header-meta":"","adv-header-id-meta":"","stick-header-meta":"","header-above-stick-meta":"","header-main-stick-meta":"","header-below-stick-meta":"","astra-migrate-meta-layouts":"default","ast-page-background-enabled":"default","ast-page-background-meta":{"desktop":{"background-color":"var(--ast-global-color-4)","background-image":"","background-repeat":"repeat","background-position":"center center","background-size":"auto","background-attachment":"scroll","background-type":"","background-media":"","overlay-type":"","overlay-color":"","overlay-opacity":"","overlay-gradient":""},"tablet":{"background-color":"","background-image":"","background-repeat":"repeat","background-position":"center center","background-size":"auto","background-attachment":"scroll","background-type":"","background-media":"","overlay-type":"","overlay-color":"","overlay-opacity":"","overlay-gradient":""},"mobile":{"background-color":"","background-image":"","background-repeat":"repeat","background-position":"center center","background-size":"auto","background-attachment":"scroll","background-type":"","background-media":"","overlay-type":"","overlay-color":"","overlay-opacity":"","overlay-gradient":""}},"ast-content-background-meta":{"desktop":{"background-color":"var(--ast-global-color-5)","background-image":"","background-repeat":"repeat","background-position":"center center","background-size":"auto","background-attachment":"scroll","background-type":"","background-media":"","overlay-type":"","overlay-color":"","overlay-opacity":"","overlay-gradient":""},"tablet":{"background-color":"var(--ast-global-color-5)","background-image":"","background-repeat":"repeat","background-position":"center center","background-size":"auto","background-attachment":"scroll","background-type":"","background-media":"","overlay-type":"","overlay-color":"","overlay-opacity":"","overlay-gradient":""},"mobile":{"background-color":"var(--ast-global-color-5)","background-image":"","background-repeat":"repeat","background-position":"center center","background-size":"auto","background-attachment":"scroll","background-type":"","background-media":"","overlay-type":"","overlay-color":"","overlay-opacity":"","overlay-gradient":""}},"footnotes":""},"class_list":["post-52","page","type-page","status-publish","hentry"],"uagb_featured_image_src":{"full":false,"thumbnail":false,"medium":false,"medium_large":false,"large":false,"1536x1536":false,"2048x2048":false},"uagb_author_info":{"display_name":"Forum","author_link":"https:\/\/labprodigi.com\/forum\/author\/kaw20a94sljp\/"},"uagb_comment_info":0,"uagb_excerpt":"\u00c0 propos D\u00e9couvrez notre plateforme communautaire innovante et engageante Qui nous sommes Pr\u00e9sentation de Forum : votre espace d&rsquo;\u00e9change et [&hellip;]","_links":{"self":[{"href":"https:\/\/labprodigi.com\/forum\/wp-json\/wp\/v2\/pages\/52","targetHints":{"allow":["GET"]}}],"collection":[{"href":"https:\/\/labprodigi.com\/forum\/wp-json\/wp\/v2\/pages"}],"about":[{"href":"https:\/\/labprodigi.com\/forum\/wp-json\/wp\/v2\/types\/page"}],"author":[{"embeddable":true,"href":"https:\/\/labprodigi.com\/forum\/wp-json\/wp\/v2\/users\/4"}],"replies":[{"embeddable":true,"href":"https:\/\/labprodigi.com\/forum\/wp-json\/wp\/v2\/comments?post=52"}],"version-history":[{"count":5,"href":"https:\/\/labprodigi.com\/forum\/wp-json\/wp\/v2\/pages\/52\/revisions"}],"predecessor-version":[{"id":627,"href":"https:\/\/labprodigi.com\/forum\/wp-json\/wp\/v2\/pages\/52\/revisions\/627"}],"wp:attachment":[{"href":"https:\/\/labprodigi.com\/forum\/wp-json\/wp\/v2\/media?parent=52"}],"curies":[{"name":"wp","href":"https:\/\/api.w.org\/{rel}","templated":true}]}}